{"id":76576,"date":"2020-12-04T20:15:47","date_gmt":"2020-12-04T20:15:47","guid":{"rendered":"https:\/\/agrinet.ef.uns.ac.rs\/?page_id=76576"},"modified":"2021-04-20T12:06:08","modified_gmt":"2021-04-20T12:06:08","slug":"stanislav-zekic","status":"publish","type":"page","link":"https:\/\/agrinet.ef.uns.ac.rs\/?page_id=76576","title":{"rendered":"Stanislav Zeki\u0107"},"content":{"rendered":"<p>[vc_row gap=&#8221;30&#8243; css=&#8221;.vc_custom_1607111192209{padding-left: 10px !important;}&#8221;][vc_column width=&#8221;1\/3&#8243; css=&#8221;.vc_custom_1607110955688{background-color: #f2f2f2 !important;}&#8221;][vc_single_image image=&#8221;76848&#8243; img_size=&#8221;full&#8221;][vc_separator][vc_column_text]<span style=\"color: #444444;\">Ime i prezime:<\/span><br \/>\n<span style=\"color: #444444;\">Stanislav Zeki\u0107<\/span><\/p>\n<p><span style=\"color: #444444;\">Titula:<\/span><br \/>\n<span style=\"color: #444444;\">Doktor ekonomskih nauka<\/span><\/p>\n<p><span style=\"color: #444444;\">Zvanje:<\/span><br \/>\n<span style=\"color: #444444;\">Redovni profesor<\/span><\/p>\n<p><span style=\"color: #444444;\">Organizacija: Univerzitet u Novom Sadu, Ekonomski fakultet u Subotici, Departman za agrarnu ekonomiju i agrobiznis<\/span><\/p>\n<p><span style=\"color: #444444;\">Kontakt:<\/span><br \/>\n<span style=\"color: #444444;\">stanislav.zekic@ef.uns.ac.rs<\/span>[\/vc_column_text][\/vc_column][vc_column width=&#8221;2\/3&#8243; css=&#8221;.vc_custom_1607112063081{padding-left: 15px !important;}&#8221;][vc_column_text]<\/p>\n<h3><span style=\"color: #222222;\">Obrazovanje:<\/span><\/h3>\n<hr \/>\n<p><span style=\"color: #222222;\"><em>Osnovne studije zavr\u0161io na Poljoprivrednom fakultetu Univerziteta u Novom Sadu na smeru: Agrekonomija, dok je magistarske studije zavr\u0161io na Ekonomskom fakultetu u Subotici na studijskom program: Agrarna ekonomija i agrobiznis. <\/em><\/span><\/p>\n<p><span style=\"color: #222222;\"><em>Magistarskur tezu pod nazivom: \u201cRazvojne performance poljoprivrede zemalja centralne i isto\u010dne Evrope u tranziciji\u201d odbranio je 2003. godine, a doktorsku tezu: \u201c<\/em><em>Reforma agrarnih politika i restrukturiranje poljoprivrede zemalja jugoisto\u010dne Evrope u procesu evropskih integracija\u201d odbranio je 2008. godine na Ekonomskom fakultetu u Subotici.<\/em><\/span><\/p>\n<p>&nbsp;<\/p>\n<h3><span style=\"color: #222222;\">Radno iskustvo:<\/span><\/h3>\n<hr \/>\n<p><span style=\"color: #222222;\"><em>Zaposlen je na Ekonomskom fakultetu u Subotici Univerziteta u Novom Sadu na Departmanu za agrarnu ekonomiju i\u00a0 agrobiznis vi\u0161e od 20 godina. Njegove u\u017ee nau\u010dne oblasti istra\u017eivanja su agrarna politika i ruralni razvoj.<\/em><\/span><\/p>\n<p><span style=\"color: #222222;\"><strong>U\u010de\u0161\u0107e na projektima:<\/strong><\/span><\/p>\n<blockquote><p><span style=\"color: #222222;\"><em>Erasmus+ Jean Monnet Module Agricultural Policy of European Union and its influence on competitiveness of agri-food products of Serbia (AgriCOM) (620128-EPP-1-2020-1-RS-EPPJMO-MODULE) od 2020. do 2023. godine.<\/em><\/span><\/p>\n<p><span style=\"color: #222222;\"><em>Erasmus+ Implementation of Dual Education in Higher Education in Serbia (DualEdu) (586029-EPP-1-2017-1-RS-EPPKA2-CBHE-SP) od 2017. do \u00a02020. godine. <\/em><\/span><\/p>\n<p><span style=\"color: #222222;\"><em>Erasmus+ Dual Education for Industrial Automatization and Robotics in Kazakhstan (DIARKAZ) (609757-EPP-1-2019-1-RS-EPPKA2-CBHE-JP) od 2020. do 2023. godine.<\/em><\/span><\/p>\n<p><span style=\"color: #222222;\"><em>Sustainable Agriculture and Rural Development in terms of the Republic of Serbia strategic goals implementation within Danube region, Projekat Ministarstva obrazovanja i nauke Republike Srbije, No. 46006, od \u00a02015. do 2020. godine.<\/em><\/span><\/p><\/blockquote>\n<p>[\/vc_column_text][vc_column_text css=&#8221;.vc_custom_1618920174578{padding-left: 15px !important;}&#8221;]<\/p>\n<h3><span style=\"color: #222222;\">Klju\u010dne publikacije:<\/span><\/h3>\n<hr \/>\n<ul>\n<li><span style=\"color: #000000;\">Matkovski B.,<strong> Zeki\u0107 S.<\/strong>, Jurjevi\u0107 \u017d., \u0110oki\u0107 D. (2021). The agribusiness sector as a regional export opportunity: evidence of the Vojvodina region. <em>International Journal of Emerging Markets, <\/em>ahead-of-print ISSN: 1746-8809 DOI: 10.1108\/IJOEM-05-2020-0560<\/span><\/li>\n<\/ul>\n<ul>\n<li><span style=\"color: #000000;\">Matkovski B., \u0110oki\u0107 D., <strong>Zeki\u0107 S.<\/strong>, Jurjevi\u0107 \u017d. (2020). Determining Food Security in Crisis Conditions: A Comparative Analysis of the Western Balkans and the EU. <em>Sustainability, 12<\/em>(23), 9924 ISSN: 2071-1050, DOI: 10.3390\/su12239924<\/span><\/li>\n<\/ul>\n<ul>\n<li><span style=\"color: #222222;\">Matkovski B., Kala\u0161 B., <strong>Zeki\u0107 S<\/strong>., Jeremi\u0107 M. (2019). Agri-food Competitiveness in South East Europe. Outlook on Agriculture. 48(4), 326-335. ISSN: 0030-7270 doi:10.1177\/0030727019854770<\/span><\/li>\n<li><span style=\"color: #222222;\"><strong>Zeki\u0107 S<\/strong>., Matkovski B. (2019). Integration of market of agri-food products of Western Balkans countries in process of accession to the European Union. In J. Subi\u0107, M. Jelo\u010dnik, B. Kuzman, A. Vasile (Ed.), Sustainable agriculture and rural development in terms of the Republic of Serbia strategic goals realization within the Danube region \u2013 sustainability and multifunctionality (pp. 763-777). Belgrade: Institute of Agricultural Economics. ISBN: 978-86-6269-067-8<\/span><\/li>\n<li><span style=\"color: #222222;\"><strong>Zeki\u0107 S<\/strong>., Kleut \u017d., Matkovski B., \u0110oki\u0107 D. (2018). Determining agricultural impact on environment: Evidence for EU-28 and Serbia. Outlook on Agriculture, 47(2), 116-124. ISSN: 0030-7270 DOI: 10.1177\/0030727018768016<\/span><\/li>\n<li><span style=\"color: #222222;\">Matkovski B., <strong>Zeki\u0107 S<\/strong>., Savi\u0107 M., Radovanov B. (2018). Trade of agri-food products in the EU enlargement process: Evidence from the Southeastern Europe. Agricultural Economics &#8211; Zem\u011bd\u011blsk\u00e1 ekonomika. 64(8), 357-366. ISSN: 0139-570X (Print) 1805-9295 (Online), DOI: 10.17221\/134\/2017-AGRICECON<\/span><\/li>\n<li><span style=\"color: #222222;\">Matkovski B., Radovanov B., <strong>Zeki\u0107 S<\/strong>. (2018). The Effects of Foreign Agri-food trade Liberalization in South East Europe. Economcky casopis. 66(9), 945-966. ISSN: 0013-3035<\/span><\/li>\n<\/ul>\n<p>[\/vc_column_text][\/vc_column][\/vc_row]<\/p>\n","protected":false},"excerpt":{"rendered":"<p>[vc_row gap=&#8221;30&#8243; css=&#8221;.vc_custom_1607111192209{padding-left: 10px !important;}&#8221;][vc_column width=&#8221;1\/3&#8243; css=&#8221;.vc_custom_1607110955688{background-color: #f2f2f2 !important;}&#8221;][vc_single_image image=&#8221;76848&#8243; img_size=&#8221;full&#8221;][vc_separator][vc_column_text]Ime i prezime: Stanislav Zeki\u0107 Titula: Doktor ekonomskih nauka Zvanje: Redovni profesor Organizacija: Univerzitet u Novom Sadu, Ekonomski fakultet u Subotici, Departman za agrarnu ekonomiju i agrobiznis Kontakt: stanislav.zekic@ef.uns.ac.rs[\/vc_column_text][\/vc_column][vc_column width=&#8221;2\/3&#8243; css=&#8221;.vc_custom_1607112063081{padding-left: 15px !important;}&#8221;][vc_column_text] Obrazovanje: Osnovne studije zavr\u0161io na Poljoprivrednom fakultetu Univerziteta u Novom Sadu na [&hellip;]<\/p>\n","protected":false},"author":1,"featured_media":0,"parent":0,"menu_order":0,"comment_status":"closed","ping_status":"closed","template":"","meta":[],"_links":{"self":[{"href":"https:\/\/agrinet.ef.uns.ac.rs\/index.php?rest_route=\/wp\/v2\/pages\/76576"}],"collection":[{"href":"https:\/\/agrinet.ef.uns.ac.rs\/index.php?rest_route=\/wp\/v2\/pages"}],"about":[{"href":"https:\/\/agrinet.ef.uns.ac.rs\/index.php?rest_route=\/wp\/v2\/types\/page"}],"author":[{"embeddable":true,"href":"https:\/\/agrinet.ef.uns.ac.rs\/index.php?rest_route=\/wp\/v2\/users\/1"}],"replies":[{"embeddable":true,"href":"https:\/\/agrinet.ef.uns.ac.rs\/index.php?rest_route=%2Fwp%2Fv2%2Fcomments&post=76576"}],"version-history":[{"count":12,"href":"https:\/\/agrinet.ef.uns.ac.rs\/index.php?rest_route=\/wp\/v2\/pages\/76576\/revisions"}],"predecessor-version":[{"id":77219,"href":"https:\/\/agrinet.ef.uns.ac.rs\/index.php?rest_route=\/wp\/v2\/pages\/76576\/revisions\/77219"}],"wp:attachment":[{"href":"https:\/\/agrinet.ef.uns.ac.rs\/index.php?rest_route=%2Fwp%2Fv2%2Fmedia&parent=76576"}],"curies":[{"name":"wp","href":"https:\/\/api.w.org\/{rel}","templated":true}]}}