{"id":77150,"date":"2021-03-28T13:21:49","date_gmt":"2021-03-28T13:21:49","guid":{"rendered":"https:\/\/agrinet.ef.uns.ac.rs\/?page_id=77150"},"modified":"2021-04-20T12:41:54","modified_gmt":"2021-04-20T12:41:54","slug":"marija-jeremic","status":"publish","type":"page","link":"https:\/\/agrinet.ef.uns.ac.rs\/?page_id=77150","title":{"rendered":"Marija Jeremi\u0107"},"content":{"rendered":"<p>[vc_row gap=&#8221;30&#8243; css=&#8221;.vc_custom_1607111192209{padding-left: 10px !important;}&#8221;][vc_column width=&#8221;1\/3&#8243; css=&#8221;.vc_custom_1607110955688{background-color: #f2f2f2 !important;}&#8221;][vc_single_image image=&#8221;77127&#8243; img_size=&#8221;full&#8221; alignment=&#8221;center&#8221;][vc_separator][vc_column_text]<span style=\"color: #000000;\">Ime i prezime: <\/span><br \/>\n<span style=\"color: #000000;\">Marija Jeremi\u0107<\/span><\/p>\n<p><span style=\"color: #000000;\">Titula: <\/span><br \/>\n<span style=\"color: #000000;\">Doktor ekonomskih nauka<\/span><\/p>\n<p><span style=\"color: #000000;\">Zvanje: <\/span><br \/>\n<span style=\"color: #000000;\">Docent<\/span><\/p>\n<p><span style=\"color: #000000;\">Organizacija: <\/span><br \/>\n<span style=\"color: #000000;\">Univerzitet u Novom Sadu, Ekonomski fakultet u Subotici, Departman za agrarnu ekonomiju i agrobiznis<\/span><\/p>\n<p><span style=\"color: #000000;\">Kontakt: <\/span><br \/>\n<span style=\"color: #000000;\">marija.jeremic@ef.uns.ac.rs<\/span>[\/vc_column_text][\/vc_column][vc_column width=&#8221;2\/3&#8243; css=&#8221;.vc_custom_1607112063081{padding-left: 15px !important;}&#8221;][vc_column_text]<\/p>\n<h3><span style=\"color: #222222;\">Obrazovanje:<\/span><\/h3>\n<hr \/>\n<p>Osnovne i master studije zavr\u0161ila je na Ekonomskom fakultetu u Subotici na studijskom program: Agrarna ekonomija i agrobiznis. Master tezu pod nazivom: \u201cInvesticiona snaliza proizvodnje meda u Vojvodini\u201d odbranila je 2009. godine, a doktorsku tezu: \u201cTransmisija cena u lancu snabdevanja mesom u Srbiji i odabranim dr\u017eavama Evropske unije\u201d odbranila je 2018. godine na Ekonomskom fakultetu u Subotici.<\/p>\n<p>&nbsp;<\/p>\n<h3><span style=\"color: #222222;\">Radno iskustvo:<\/span><\/h3>\n<hr \/>\n<p>Od 2008. godine zaposlena je na Ekonomskom fakultetu u Subotici Univerziteta u Novom Sadu na Departmanu za agrarnu ekonomiju i agrobiznis. Njenja u\u017ea nau\u010dna oblast istra\u017eivanja je agrarna ekonomija, a dodatna polja interesovanja su: istra\u017eivanje tr\u017ei\u0161ta, transmisija cena i lanac snabdevanja hranom.<\/p>\n<p><span style=\"color: #222222;\"><strong>U\u010de\u0161\u0107e na projektima:<\/strong><\/span><\/p>\n<blockquote><p>Sustainable Agriculture and Rural Development in terms of the Republic of Serbia strategic goals implementation within Danube region, Projekat Ministarstva obrazovanja i nauke Republike Srbije, No. 46006, od 2011. do 2020. godine.<\/p>\n<p>Development of new varieties and improvement of new production technologies of oil crops for different purposes, project of the Ministry of Education and Science, Republic of Serbia, No. 31025, od 2011. do 2020. godine.<\/p><\/blockquote>\n<p>[\/vc_column_text][vc_column_text css=&#8221;.vc_custom_1618922512775{padding-left: 15px !important;}&#8221;]<\/p>\n<h3><span style=\"color: #222222;\">Klju\u010dne publikacije:<\/span><\/h3>\n<hr \/>\n<ul>\n<li>Matkovski B<strong>.<\/strong>, Kala\u0161 B., Zeki\u0107 S., <strong>Jeremi\u0107 M<\/strong>. (2019). Agri-food Competitiveness in South East Europe. Outlook on Agriculture. 48(4), 326-335. ISSN: 0030-7270\u00a0 doi:10.1177\/0030727019854770<\/li>\n<li><strong>Jeremi\u0107 M<\/strong>., Zeki\u0107 S., Matkovski B<strong>.<\/strong>, Kleut \u017d. (2019). Spatial price transmission in pork market in Serbia. Custos e agronegocio, 15(2), 328-346. ISSN: 1808-2882<\/li>\n<\/ul>\n<p>[\/vc_column_text][\/vc_column][\/vc_row]<\/p>\n","protected":false},"excerpt":{"rendered":"<p>[vc_row gap=&#8221;30&#8243; css=&#8221;.vc_custom_1607111192209{padding-left: 10px !important;}&#8221;][vc_column width=&#8221;1\/3&#8243; css=&#8221;.vc_custom_1607110955688{background-color: #f2f2f2 !important;}&#8221;][vc_single_image image=&#8221;77127&#8243; img_size=&#8221;full&#8221; alignment=&#8221;center&#8221;][vc_separator][vc_column_text]Ime i prezime: Marija Jeremi\u0107 Titula: Doktor ekonomskih nauka Zvanje: Docent Organizacija: Univerzitet u Novom Sadu, Ekonomski fakultet u Subotici, Departman za agrarnu ekonomiju i agrobiznis Kontakt: marija.jeremic@ef.uns.ac.rs[\/vc_column_text][\/vc_column][vc_column width=&#8221;2\/3&#8243; css=&#8221;.vc_custom_1607112063081{padding-left: 15px !important;}&#8221;][vc_column_text] Obrazovanje: Osnovne i master studije zavr\u0161ila je na Ekonomskom fakultetu u Subotici [&hellip;]<\/p>\n","protected":false},"author":2,"featured_media":0,"parent":0,"menu_order":0,"comment_status":"closed","ping_status":"closed","template":"","meta":[],"_links":{"self":[{"href":"https:\/\/agrinet.ef.uns.ac.rs\/index.php?rest_route=\/wp\/v2\/pages\/77150"}],"collection":[{"href":"https:\/\/agrinet.ef.uns.ac.rs\/index.php?rest_route=\/wp\/v2\/pages"}],"about":[{"href":"https:\/\/agrinet.ef.uns.ac.rs\/index.php?rest_route=\/wp\/v2\/types\/page"}],"author":[{"embeddable":true,"href":"https:\/\/agrinet.ef.uns.ac.rs\/index.php?rest_route=\/wp\/v2\/users\/2"}],"replies":[{"embeddable":true,"href":"https:\/\/agrinet.ef.uns.ac.rs\/index.php?rest_route=%2Fwp%2Fv2%2Fcomments&post=77150"}],"version-history":[{"count":5,"href":"https:\/\/agrinet.ef.uns.ac.rs\/index.php?rest_route=\/wp\/v2\/pages\/77150\/revisions"}],"predecessor-version":[{"id":77244,"href":"https:\/\/agrinet.ef.uns.ac.rs\/index.php?rest_route=\/wp\/v2\/pages\/77150\/revisions\/77244"}],"wp:attachment":[{"href":"https:\/\/agrinet.ef.uns.ac.rs\/index.php?rest_route=%2Fwp%2Fv2%2Fmedia&parent=77150"}],"curies":[{"name":"wp","href":"https:\/\/api.w.org\/{rel}","templated":true}]}}