{"id":77156,"date":"2021-03-28T13:23:19","date_gmt":"2021-03-28T13:23:19","guid":{"rendered":"https:\/\/agrinet.ef.uns.ac.rs\/?page_id=77156"},"modified":"2021-04-20T12:49:26","modified_gmt":"2021-04-20T12:49:26","slug":"tatjana-brankov","status":"publish","type":"page","link":"https:\/\/agrinet.ef.uns.ac.rs\/?page_id=77156","title":{"rendered":"Tatjana Brankov"},"content":{"rendered":"<p>[vc_row gap=&#8221;30&#8243; css=&#8221;.vc_custom_1607111192209{padding-left: 10px !important;}&#8221;][vc_column width=&#8221;1\/3&#8243; css=&#8221;.vc_custom_1607110955688{background-color: #f2f2f2 !important;}&#8221;][vc_single_image image=&#8221;77128&#8243; img_size=&#8221;full&#8221;][vc_separator][vc_column_text]<span style=\"color: #000000;\">Ime i prezime: <\/span><br \/>\n<span style=\"color: #000000;\">Tatjana Brankov<\/span><\/p>\n<p><span style=\"color: #000000;\">Titula: <\/span><br \/>\n<span style=\"color: #000000;\">Doktor ekonomskih nauka<\/span><\/p>\n<p><span style=\"color: #000000;\">Zvanje: <\/span><br \/>\n<span style=\"color: #000000;\">Vanredni profesor<\/span><\/p>\n<p><span style=\"color: #000000;\">Organizacija: <\/span><br \/>\n<span style=\"color: #000000;\">Univerzitet u Novom Sadu, Ekonomski fakultet u Subotici, Departman za agrarnu ekonomiju i agrobiznis<\/span><\/p>\n<p><span style=\"color: #000000;\">Kontakt: <\/span><br \/>\n<span style=\"color: #000000;\">tatjana.brankov@ef.uns.ac.rs<\/span>[\/vc_column_text][\/vc_column][vc_column width=&#8221;2\/3&#8243; css=&#8221;.vc_custom_1607112063081{padding-left: 15px !important;}&#8221;][vc_column_text]<\/p>\n<h3><span style=\"color: #222222;\">Obrazovanje:<\/span><\/h3>\n<hr \/>\n<p>Osnovne i master studije zavr\u0161ila je na Poljoprivrednom fakultetu u Novom Sadu, na studijskim programima: Za\u0161tita bilja i Mikrobiologija. Drugi magistarski rad pod nazivom: \u201cKarakterizacija 2 izolata virusa 4 vinove loze: Koudsy Y-424 i Koussan DD85\u201d odbranila je 2003. godine u Bariju (Italija), a doktorsku tezu: \u201cEkonomske i eti\u010dke implikacije difuzije genetski modifikovane hrane\u201d odbranila je 2008. godine na Ekonomskom fakultetu u Subotici.<\/p>\n<p>&nbsp;<\/p>\n<h3><span style=\"color: #222222;\">Radno iskustvo:<\/span><\/h3>\n<hr \/>\n<p>Od 2015. godine zaposlena je na Ekonomskom fakultetu u Subotici Univerziteta u Novom Sadu na Departmanu za agrarnu ekonomiju i agrobiznis. Njena u\u017ea nau\u010dna oblast istra\u017eivanja je agrarna ekonomija, a dodatna polja interesovanja su: agrarna politika i razvoj poljoprivrede, prehrambena sigurnost i trgovina poljoprivredno-prehrambenim proizvodima.<\/p>\n<p><span style=\"color: #222222;\"><strong>U\u010de\u0161\u0107e na projektima:<\/strong><\/span><\/p>\n<blockquote><p>Sustainable Agriculture and Rural Development in terms of the Republic of Serbia strategic goals implementation within Danube region, Projekat Ministarstva obrazovanja i nauke Republike Srbije, No. 46006, od 2015. do 2020. godine.<\/p><\/blockquote>\n<p>[\/vc_column_text][vc_column_text css=&#8221;.vc_custom_1618922964420{padding-left: 15px !important;}&#8221;]<\/p>\n<h3><span style=\"color: #222222;\">Klju\u010dne publikacije:<\/span><\/h3>\n<hr \/>\n<ul>\n<li><strong>Brankov, T., <\/strong>Matkovski, B., Jeremi\u0107, M., &amp; Zeki\u0107, S. (2020). Impact of Economic Development on Pesticide Use in South-East Europe. Polish Journal of Environmental Studies (online first). eISSN:2083-5906 DOI: <a href=\"https:\/\/doi.org\/10.15244\/pjoes\/126373\">10.15244\/pjoes\/126373<\/a><\/li>\n<li><strong>Brankov. T.,<\/strong> Lovre, K. (2018). GM Food Systems and Their Economic Impact. CABI, UK. ISBN-13: 9781789240542<\/li>\n<li><strong>Brankov, T.<\/strong> (2018). Food policy in the Republic of Serbia. Reference Module in Food Science, Elsevier, str. 1-4. doi: http:\/\/dx.doi.org\/10.1016\/B978-0-08-100596-5.22394-9 ISBN: 9780081005965<\/li>\n<li><strong>Brankov, T.<\/strong> (2018). GM food Standards and Labelling in Serbia. Reference Module in Food Science, Elsevier, str. 1-4. doi: http:\/\/dx.doi.org\/10.1016\/B978-0-08-100596-5.22475-X ISBN: 9780081005965.<\/li>\n<li><strong>Brankov, T.,<\/strong> Zec, S., Gafare, CE., Gregori, D, Lovre, K. (2017). Long term interaction between dietary patterns and disease incidence: Evidence from Serbia. Archivos Latinoamericanos de nutrition. Vol. 67, Supp. 1, 60-72 ISSN: 0004-0622.<\/li>\n<\/ul>\n<p>[\/vc_column_text][\/vc_column][\/vc_row]<\/p>\n","protected":false},"excerpt":{"rendered":"<p>[vc_row gap=&#8221;30&#8243; css=&#8221;.vc_custom_1607111192209{padding-left: 10px !important;}&#8221;][vc_column width=&#8221;1\/3&#8243; css=&#8221;.vc_custom_1607110955688{background-color: #f2f2f2 !important;}&#8221;][vc_single_image image=&#8221;77128&#8243; img_size=&#8221;full&#8221;][vc_separator][vc_column_text]Ime i prezime: Tatjana Brankov Titula: Doktor ekonomskih nauka Zvanje: Vanredni profesor Organizacija: Univerzitet u Novom Sadu, Ekonomski fakultet u Subotici, Departman za agrarnu ekonomiju i agrobiznis Kontakt: tatjana.brankov@ef.uns.ac.rs[\/vc_column_text][\/vc_column][vc_column width=&#8221;2\/3&#8243; css=&#8221;.vc_custom_1607112063081{padding-left: 15px !important;}&#8221;][vc_column_text] Obrazovanje: Osnovne i master studije zavr\u0161ila je na Poljoprivrednom fakultetu u Novom [&hellip;]<\/p>\n","protected":false},"author":2,"featured_media":0,"parent":0,"menu_order":0,"comment_status":"closed","ping_status":"closed","template":"","meta":[],"_links":{"self":[{"href":"https:\/\/agrinet.ef.uns.ac.rs\/index.php?rest_route=\/wp\/v2\/pages\/77156"}],"collection":[{"href":"https:\/\/agrinet.ef.uns.ac.rs\/index.php?rest_route=\/wp\/v2\/pages"}],"about":[{"href":"https:\/\/agrinet.ef.uns.ac.rs\/index.php?rest_route=\/wp\/v2\/types\/page"}],"author":[{"embeddable":true,"href":"https:\/\/agrinet.ef.uns.ac.rs\/index.php?rest_route=\/wp\/v2\/users\/2"}],"replies":[{"embeddable":true,"href":"https:\/\/agrinet.ef.uns.ac.rs\/index.php?rest_route=%2Fwp%2Fv2%2Fcomments&post=77156"}],"version-history":[{"count":8,"href":"https:\/\/agrinet.ef.uns.ac.rs\/index.php?rest_route=\/wp\/v2\/pages\/77156\/revisions"}],"predecessor-version":[{"id":77249,"href":"https:\/\/agrinet.ef.uns.ac.rs\/index.php?rest_route=\/wp\/v2\/pages\/77156\/revisions\/77249"}],"wp:attachment":[{"href":"https:\/\/agrinet.ef.uns.ac.rs\/index.php?rest_route=%2Fwp%2Fv2%2Fmedia&parent=77156"}],"curies":[{"name":"wp","href":"https:\/\/api.w.org\/{rel}","templated":true}]}}